50. What are the prime factors of x?
2, 5, 1609
Let t = 27167 - 15420. What are the prime factors of t?
17, 691
Suppose 4*o + 3*h = h - 12, -4*h + 8 = 0. List the prime factors of 0 + ((-461)/4)/(o/16).
461
Suppose -u + 2*u = 8. Suppose 40*b = 9*b - 186. List the prime factors of u/(16/b) - -100.
97
Suppose -3*x - 12 = 0, -3*x + 85997 = 2*j + 6965. List the prime factors of j.
2, 3, 7, 941
Suppose 5*z - 12 = 3*a, -2*z + 14 = -4*a - 2. Let p(t) = 140*t**2 + 13*t + 3. Let b be p(a). Suppose -16*s + 641 = -b. List the prime factors of s.
3, 59
List the prime factors of 6 - (1503/(-9))/(5/535).
5, 11, 13
Suppose 8*x + 4 = 44. List the prime factors of (1 + 1000/x)*(-2 + 3).
3, 67
Suppose 9*h + 129 = 1092. Suppose 4*l + 3376 = 5*x - h, 0 = 4*x - 4*l - 2784. What are the prime factors of x?
3, 233
Let p = -26865 + 59418. What are the prime factors of p?
3, 3617
What are the prime factors of (18788502/2338)/(2/14)?
3, 17, 1103
Suppose -5*a - 5*a + 26722 = -63028. List the prime factors of a.
5, 359
Let f be (-14)/(7 - 9) + -22. Let q = f + 66. What are the prime factors of q?
3, 17
Let i(w) be the first derivative of -4*w**3/3 + 3*w**2/2 - 34*w - 3. Let j(z) be the first derivative of i(z). What are the prime factors of j(-7)?
59
Suppose -118133 = -4*m + 17*j - 18*j, -2*m = 4*j - 59056. What are the prime factors of m?
2, 14767
Suppose -3*k = -2*a - 5*k + 214, -a = -4*k - 117. Let l(t) = 2*t**3 + 38*t**2 - 2*t - 5. Let m be l(-19). Let z = a - m. List the prime factors of z.
2, 19
Suppose -7*y + 3*y = -24. Suppose y*n - 9*n = -6. Suppose -49 = n*u + 2*a - 213, -4*u + 349 = -3*a. What are the prime factors of u?
5, 17
Let k(x) = 4*x**2 + 13*x - 3*x**2 + 155 + 31*x + 152 + 4*x. What are the prime factors of k(-45)?
2, 43
Suppose -5*n - 3*r + 144886 = 0, 0 = -10*n + 5*n - 2*r + 144879. List the prime factors of n.
7, 4139
Let a = 39598 + -11921. What are the prime factors of a?
13, 2129
Suppose 5287 = d + 2191 - 5100. List the prime factors of d.
2, 3, 683
Suppose 3*v - 7414 = 12*m - 13*m, -5*m = -9*v - 37022. What are the prime factors of m?
2, 463
Suppose 407*f = 396*f + 16929. Suppose 16*c = -3*c + f. What are the prime factors of c?
3
Let s(k) = 2*k**2 + 23*k - 56. Let n be s(-24). Suppose -19*t + 15*t + n = 0. List the prime factors of t.
2, 17
Suppose -106 = -2*a - 0*a + 2*x, 3*a - 4*x - 164 = 0. Suppose a*t + 130 = l + 43*t, -374 = -3*l - t. What are the prime factors of l?
5
Let x = -3705 - -6716. List the prime factors of x.
3011
Let x(b) = -4*b**3 - 15*b**2 - 24*b. Let f(r) = -7*r**3 - 30*r**2 - 49*r - 1. Let o(g) = 3*f(g) - 5*x(g). List the prime factors of o(-15).
2, 3, 67
Let n = 20175 - -728. What are the prime factors of n?
20903
Suppose -3*c = -a + 5262 + 5311, a + c - 10589 = 0. List the prime factors of a.
5, 29, 73
Suppose 0 = -5*s + 5*d + 16705, -s - 6*d = -11*d - 3325. Suppose 0 = 10*k - s - 1085. List the prime factors of k.
443
Suppose 2*x + 2*t + 0*t = 14, 5*x = 4*t - 1. Let i(g) = 33*g**2 + 7*g + 5. List the prime factors of i(x).
17, 19
Suppose 920 - 940 = 4*x, -4*x = 4*q - 15724. What are the prime factors of q?
2, 3, 41
Let g = 1212 + 8951. Suppose -13*o + g = -3539. What are the prime factors of o?
2, 17, 31
What are the prime factors of 2/(-6) - (-49090)/30?
2, 409
Let r be (15/(-6))/((-6)/(-24)). Let v be 15/r*(-16)/6. Suppose v*x - 394 = 5*t + 8, -5*x + 486 = 2*t. List the prime factors of x.
2, 7
Let h = 63 + -60. Suppose -b + h*c = -2*c + 11, 25 = 4*b + 3*c. Suppose -b*q + 139 = -489. List the prime factors of q.
157
Let w(g) = g**3 - 4*g**2 + g. Let d be w(4). Suppose d*h = -4*j + 696, -86 = -5*j + 2*h + 763. List the prime factors of j.
3, 19
Let y(x) = x**2 - x - 4. Let f be y(3). Suppose 0 = -5*c + 2*h + 13 + 97, -62 = -3*c + f*h. What are the prime factors of ((-4)/6 + -2)*(-666)/c?
2, 37
Let t(a) = 10*a**2 - 18*a + 19. Let g be t(1). Suppose 4*s + g*o - 16*o - 6425 = 0, 4*s = o + 6421. List the prime factors of s.
3, 5, 107
Let b(d) = -250*d - 61. Let m be b(-8). Let t = m - 906. List the prime factors of t.
1033
Suppose 9*n + 15 - 24 = 0. List the prime factors of (n + 0 - -4) + 685.
2, 3, 5, 23
What are the prime factors of ((-680)/1680 + 4/(-42))*-12486?
3, 2081
Let v = -131 - -70. Let a = -52 - v. What are the prime factors of -548*(a/(-4) + 2)?
137
Let a(z) = -2*z**2 + 7 + 84*z**3 - 9*z + 629*z**3 + 4*z**2. List the prime factors of a(1).
23, 31
Let o = -12 - -11. Let c be 0 + (27/(-12) - o/4). List the prime factors of c/5 - (-1881)/15.
5
Let r be 1/((-4)/4) - 13. Let z(b) = 2*b**2 + 22*b + 30. Let g be z(r). Suppose 2*u = 4*u - g. List the prime factors of u.
3, 19
List the prime factors of -1*(4 - -1 - 5248).
7, 107
Let k = 518 + -508. Suppose -k*d + 2*d + 3696 = 0. What are the prime factors of d?
2, 3, 7, 11
Let v be (-11612)/(-9) + (-1 - (-21)/27). Suppose 4*j + 442 = v. Suppose 2*p + 216 = 2*d - 3*p, -2*d + 3*p = -j. List the prime factors of d.
103
Let f be (-2 - -4)*(-10)/(-4). Let v(a) = a**3 - 7*a**2 + 3*a - 14. Let n be v(7). Suppose -2*t - 410 = -f*m, m - n - 83 = 2*t. List the prime factors of m.
2, 5
Let i(n) = 7*n + 2. Suppose 9*t = 62 - 26. Let j be i(t). Suppose -m = -2*a - j, -4*a + 46 = 2*m + 2. What are the prime factors of m?
2, 13
Let b(p) = 26*p + 5. Let o(s) = 25*s + 5. Suppose -f - 4*f - 3 = -2*j, 0 = 5*j + 5*f + 45. Let x(d) = j*o(d) + 5*b(d). What are the prime factors of x(-6)?
5, 23
Suppose 4*z - 133 = -3*g, -4 = -2*g + 6*g. Let d(b) = 50 + 61 + 3*b + 47 - z. List the prime factors of d(0).
2, 31
Let g = -328 - -180. Let x = 493 + g. What are the prime factors of x?
3, 5, 23
Let x(z) = 419*z + 205. Let v be x(30). Suppose -126*q - v = -133*q. List the prime factors of q.
5, 73
Let h(y) = 5*y**2 + 56*y - 3236. List the prime factors of h(43).
19, 443
Let n(t) = 226*t + t**3 - 11 - 459*t + 231*t + 4*t**2. Let k be n(-4). What are the prime factors of 198 + k*(-30)/18?
7, 29
Suppose 0 = -5*j - 5*a + 3950, -2*a - 254 = -j + 533. Let k = 1241 - j. What are the prime factors of k?
2, 113
Let l = 86 - 84. Suppose -3*j = -l*u + 4 + 13, 5*j = -3*u - 22. List the prime factors of (-1 - u)*218/(-4).
109
Let a = -39248 + 72415. List the prime factors of a.
17, 1951
Let w = 1081 + -630. Let j = w + -262. What are the prime factors of j?
3, 7
Let k(g) = -60*g**3 + 7*g - 9. Let l(w) = 57*w**3 - w**2 - 7*w + 8. Let b(d) = -4*k(d) - 5*l(d). What are the prime factors of b(-3)?
5, 13, 19
Suppose -749*f + 17077776 = -250*f. List the prime factors of f.
2, 3, 23, 31
Let g(y) = -93*y - 12. Let d be g(5). Let n = -158 - d. What are the prime factors of n?
11, 29
List the prime factors of 4142911/116 + (-99)/(-44).
11, 17, 191
Let p be ((-120)/35)/((9/(-21))/(-3)). What are the prime factors of 2 + 3246/3 + (-26 - p)?
2, 541
Let j(p) = -50*p + 5. Let d(a) be the third derivative of 5*a**4/24 - 4*a**3 + 31*a**2. Let v be d(4). List the prime factors of j(v).
5, 41
Let f be ((54/3)/(-6))/(6/(-3268)). Suppose -8*v + 4754 = f. List the prime factors of v.
2, 3, 5, 13
Suppose 0 = -5*i + 4*g - 20, -6*i = -i + 4*g - 20. Suppose -4*q - 20 = i, 3*q + 310 = -p + 1074. List the prime factors of p.
19, 41
Let i = -23932 - -52770. What are the prime factors of i?
2, 14419
Let h be (-7 + (-4)/(-2))*(-171)/15. Let p be 10336/h - (4/(-3))/2. Suppose x + 71 = p. List the prime factors of x.
3, 37
Let a be (-1 - -1) + (-7 - -11). Suppose -i - 1 = 2*u + u, 3*i + 2*u - a = 0. Suppose -i*q = -6*q + 60. List the prime factors of q.
3, 5
Let y(r) = -18*r**2 + r**3 - 83 - 12*r**2 - 15*r**2 - 35*r + 22 + 14*r**2. What are the prime factors of y(33)?
2, 13, 37
Let x = -56 - -87. Let h = 23 - x. List the prime factors of ((-372)/h + 2)*2.
97
Let q be -1052*(-3 + 4 + -2). Suppose -5*j + j + q = 0. Let y = -154 + j. What are the prime factors of y?
109
Suppose -u = o - 252, -1292 = -5*u + o + 2*o. Suppose -5*d = -4*b - u, -4*b - d = -b + 211. What are the prime factors of -2 + 3 + -3 - b?
67
Let p(o) = o**2 + 3*o - 1. Let m be p(-4). Suppose -m*v + 31 = -4*b, -4*v - 2*b + 43 = v. Let r(y) = -y**3 + 9*y**2 + 5*y - 1. List the prime factors of r(v).
2, 11
Suppose -13*s + 4*z + 256479 = -10*s, 85493 = s + 2*z. What are the prime factors of s?
17, 47, 107
Suppose 5*h - 8 = -y + h, 4*y - 32 = h. Let k(r) = 9*r**2 + 35*r + 9. List 